{"id":22574,"date":"2025-06-17T06:38:32","date_gmt":"2025-06-17T10:38:32","guid":{"rendered":"https:\/\/elitehairstudio.com\/?post_type=product&amp;p=22574"},"modified":"2025-06-17T06:38:32","modified_gmt":"2025-06-17T10:38:32","slug":"premiere-fondant-fluidite-reparateur-repairing-conditioner","status":"publish","type":"product","link":"https:\/\/elitehairstudio.com\/index.php\/product\/premiere-fondant-fluidite-reparateur-repairing-conditioner\/","title":{"rendered":"PREMI\u00c8RE FONDANT FLUIDIT\u00c9 R\u00c9PARATEUR REPAIRING CONDITIONER"},"content":{"rendered":"<p>A lightweight repairing conditioner for all types of damaged hair.<\/p>\n","protected":false},"excerpt":{"rendered":"<p>Premi\u00e8re visibly reverses hair damage. This innovative dual-action repair for damaged hair leaves hair <span class=\"h-font-tertiary\">99% stronger* and healthier<\/span>.<\/p>\n<p>Use Premi\u00e8re Conditioner for the ultimate routine for damaged hair. It repairs bonds &amp; removes calcium build-up for stronger hair inside and out**. Repairs persistent damage, reversing stiffness and dullness caused by calcium buildup from your shower water for <span class=\"h-font-tertiary\">75% more shine<\/span>*** and <span class=\"h-font-tertiary\">93% less breakage<\/span>****.<\/p>\n","protected":false},"featured_media":22564,"template":"","meta":[],"product_brand":[],"product_cat":[23,113],"product_tag":[156],"class_list":{"0":"post-22574","1":"product","2":"type-product","3":"status-publish","4":"has-post-thumbnail","6":"product_cat-hair-care","7":"product_cat-kerastase","8":"product_tag-conditioner","10":"first","11":"instock","12":"taxable","13":"shipping-taxable","14":"purchasable","15":"product-type-simple"},"_links":{"self":[{"href":"https:\/\/elitehairstudio.com\/index.php\/wp-json\/wp\/v2\/product\/22574","targetHints":{"allow":["GET"]}}],"collection":[{"href":"https:\/\/elitehairstudio.com\/index.php\/wp-json\/wp\/v2\/product"}],"about":[{"href":"https:\/\/elitehairstudio.com\/index.php\/wp-json\/wp\/v2\/types\/product"}],"wp:featuredmedia":[{"embeddable":true,"href":"https:\/\/elitehairstudio.com\/index.php\/wp-json\/wp\/v2\/media\/22564"}],"wp:attachment":[{"href":"https:\/\/elitehairstudio.com\/index.php\/wp-json\/wp\/v2\/media?parent=22574"}],"wp:term":[{"taxonomy":"product_brand","embeddable":true,"href":"https:\/\/elitehairstudio.com\/index.php\/wp-json\/wp\/v2\/product_brand?post=22574"},{"taxonomy":"product_cat","embeddable":true,"href":"https:\/\/elitehairstudio.com\/index.php\/wp-json\/wp\/v2\/product_cat?post=22574"},{"taxonomy":"product_tag","embeddable":true,"href":"https:\/\/elitehairstudio.com\/index.php\/wp-json\/wp\/v2\/product_tag?post=22574"}],"curies":[{"name":"wp","href":"https:\/\/api.w.org\/{rel}","templated":true}]}}